, 59642179
What are the prime factors of 2268698925?
3, 5, 139, 269, 809
What are the prime factors of 132871143?
3, 44290381
What are the prime factors of 481660789?
67, 73, 98479
What are the prime factors of 737303391?
3, 11, 827501
List the prime factors of 379184029.
7, 37, 1464031
List the prime factors of 29264102.
2, 7, 109, 127, 151
List the prime factors of 2286812647.
7, 17, 19216913
What are the prime factors of 410446730?
2, 5, 23, 1784551
What are the prime factors of 1116286199?
7, 22781351
What are the prime factors of 40264374?
2, 3, 6710729
What are the prime factors of 4674908019?
3, 83, 1301, 14431
List the prime factors of 63234346.
2, 7, 4516739
What are the prime factors of 1562179131?
3, 463, 374893
List the prime factors of 2777478154.
2, 11, 6967, 18121
What are the prime factors of 1075369948?
2, 268842487
List the prime factors of 93369896.
2, 11671237
What are the prime factors of 6814639163?
2351, 2898613
List the prime factors of 161800673.
1531, 105683
List the prime factors of 422343194.
2, 7, 13, 31, 74857
What are the prime factors of 1205110994?
2, 17, 35444441
What are the prime factors of 1352734356?
2, 3, 37, 1123, 2713
What are the prime factors of 111490793?
111490793
List the prime factors of 44210541.
3, 14736847
List the prime factors of 161118378.
2, 3, 353, 25357
What are the prime factors of 1408816159?
19121, 73679
What are the prime factors of 59599777?
349, 170773
List the prime factors of 121956522.
2, 3, 89, 228383
What are the prime factors of 30336406?
2, 659, 23017
List the prime factors of 121893977.
797, 152941
List the prime factors of 181259586.
2, 3, 163, 20593
List the prime factors of 271170599.
7, 43, 601, 1499
List the prime factors of 30366247.
1453, 20899
List the prime factors of 235737490.
2, 5, 67, 351847
What are the prime factors of 551979934?
2, 11, 25089997
What are the prime factors of 85705100?
2, 5, 13, 65927
List the prime factors of 2378957887.
31, 6781, 11317
List the prime factors of 335217047.
11, 30474277
What are the prime factors of 46654192?
2, 13, 224299
List the prime factors of 768210862.
2, 4363, 88037
What are the prime factors of 38192473?
11, 37, 107, 877
What are the prime factors of 1886468822?
2, 7, 134747773
What are the prime factors of 60426895?
5, 1451, 8329
List the prime factors of 78598351.
13, 465079
List the prime factors of 282978133.
282978133
What are the prime factors of 186614232?
2, 3, 7, 563, 1973
List the prime factors of 474474292.
2, 137, 865829
List the prime factors of 8186242144.
2, 255820067
What are the prime factors of 72496599?
3, 7, 83, 41593
List the prime factors of 1786975.
5, 71479
List the prime factors of 541352378.
2, 7, 73, 431, 1229
What are the prime factors of 15523531?
419, 37049
What are the prime factors of 153468808?
2, 149, 128749
List the prime factors of 344141045.
5, 68828209
What are the prime factors of 382165770?
2, 3, 5, 7, 29, 62753
List the prime factors of 102474911.
7, 11, 1330843
List the prime factors of 95267668.
2, 29, 199, 4127
What are the prime factors of 1121262404?
2, 17, 139, 313, 379
List the prime factors of 1177658578.
2, 17, 34637017
What are the prime factors of 282898193?
587, 481939
What are the prime factors of 69024654?
2, 3, 3834703
What are the prime factors of 362954472?
2, 3, 151, 100153
List the prime factors of 172430573.
7, 563, 43753
What are the prime factors of 379060292?
2, 13, 7289621
What are the prime factors of 18677480?
2, 5, 43, 10859
What are the prime factors of 155349237?
3, 51783079
What are the prime factors of 2182816897?
647, 1567, 2153
List the prime factors of 2344236278.
2, 1172118139
List the prime factors of 5636994085.
5, 22619, 49843
What are the prime factors of 1670567841?
3, 7187, 8609
List the prime factors of 489472539.
3, 199, 331, 2477
List the prime factors of 24572584.
2, 31, 99083
List the prime factors of 375420039.
3, 83, 277, 5443
List the prime factors of 2155424667.
3, 11, 331, 17939
List the prime factors of 995937152.
2, 7, 158791
What are the prime factors of 125423342?
2, 11, 5701061
List the prime factors of 152011018.
2, 709, 107201
What are the prime factors of 4170103075?
5, 3931, 42433
List the prime factors of 6439268293.
19219, 335047
List the prime factors of 133032505.
5, 26606501
What are the prime factors of 343087024?
2, 7, 43, 10177
List the prime factors of 105992220.
2, 3, 5, 1766537
List the prime factors of 171938889.
3, 37, 109, 1579
List the prime factors of 193656923.
193656923
What are the prime factors of 88752455?
5, 11, 37, 43613
What are the prime factors of 2747579885?
5, 23, 67, 191, 1867
List the prime factors of 44975791.
7, 83, 199, 389
List the prime factors of 200522614.
2, 5441, 18427
What are the prime factors of 112674091?
1093, 103087
What are the prime factors of 1854025791?
3, 23, 101, 223, 1193
What are the prime factors of 760397438?
2, 947, 401477
List the prime factors of 8064777782.
2, 31, 130077061
What are the prime factors of 1517361218?
2, 758680609
What are the prime factors of 20104484?
2, 23, 218527
What are the prime factors of 1209393105?
3, 5, 80626207
What are the prime factors of 130069801?
19, 6845779
What are the prime factors of 38382669?
3, 13, 251, 1307
List the prime factors of 14206971.
3, 1231, 3847
What are the prime factors of 43690178?
2, 7, 3120727
List the prime factors of 2810081780.
2, 5, 11, 41, 311539
List the prime factors of 139835.
5, 27967
List the prime factors of 83533275.
3, 5, 7, 71, 83
List the prime factors of 461252856.
2, 3, 23, 835603
List the prime factors of 277242767.
131, 2116357
What are the prime factors of 4164700341?
3, 17, 149, 548059
What are the prime factors of 380258783?
380258783
List the prime factors of 2239739.
19, 117881
What are the prime factors of 66478502?
2, 33239251
List the prime factors of 690585472.
2, 5395199
List the prime factors of 362557637.
13, 223, 125063
List the prime factors of 7329506.
2, 89, 41177
List the prime factors of 1551862418.
2, 31, 131, 157, 1217
List the prime factors of 3899479073.
7, 11159, 49921
List the prime factors of 86693032.
2, 10836629
What are the prime factors of 491960699?
67, 263, 27919
What are the prime factors of 967677457?
15271, 63367
List the prime factors of 356939804.
2, 13, 1009, 6803
List the prime factors of 445887656.
2, 55735957
List the prime factors of 126600139.
17, 7447067
What are the prime factors of 711450422?
2, 355725211
List the prime factors of 550239813.
3, 137, 446261
What are the prime factors of 759302840?
2, 5, 31, 612341
What are the prime factors of 159076074?
2, 3, 26512679
List the prime factors of 1915102725.
3, 5, 29, 233, 3779
What are the prime factors of 1314061353?
3, 11, 263, 16823
What are the prime factors of 214679515?
5, 42935903
What are the prime factors of 122638702?
2, 61319351
What are the prime factors of 82043454?
2, 3, 13673909
What are the prime factors of 25560897?
3, 379, 22481
List the prime factors of 2878138812.
2, 3, 47, 5103083
What are the prime factors of 1671388492?
2, 137, 193, 15803
List the prime factors of 80126988.
2, 3, 1733, 3853
What are the prime factors of 453021065?
5, 7, 127, 101917
List the prime factors of 163801128.
2, 3, 19, 79, 4547
List the prime factors of 150810947.
7, 21544421
List the prime factors of 1444217116.
2, 17, 21238487
What are the prime factors of 7681175076?
2, 3, 17, 37652819
What are the prime factors of 2561232654?
2, 3, 2777, 51239
What are the prime factors of 477716450?
2, 5, 9554329
What are the prime factors of 2633436521?
2633436521
What are the prime factors of 1138183048?
2, 17, 37, 226189
What are the prime factors of 51416894?
2, 25708447
List the prime factors of 294703810.
2, 5, 61, 179, 2699
List the prime factors of 310532928.
2, 3, 29, 43, 1297
What are the prime factors of 10306443?
3, 7, 490783
List the prime factors of 71656933.
71656933
List the prime factors of 1542583910.
2, 5, 7, 17, 59, 127, 173
List the prime factors of 63984489.
3, 21328163
List the prime factors of 12475589.
7, 809, 2203
What are the prime factors of 74023067?
173, 427879
What are the prime factors of 3237087302?
2, 37, 43744423
List the prime factors of 1162934199.
3, 7, 173, 5081
What a